{"version":"1.0","provider_name":"ANAM","provider_url":"https:\/\/anam.org.gt\/inicio","author_name":"admin","author_url":"https:\/\/anam.org.gt\/inicio\/author\/admin\/","title":"Alcaldes de Momostenango, Ixc\u00e1n y San Rafael Las Flores Solicitan Apoyo a la Ministra de Educaci\u00f3n para Mejorar la Infraestructura y los Recursos Educativos en sus Municipios - ANAM","type":"rich","width":600,"height":338,"html":"<blockquote class=\"wp-embedded-content\" data-secret=\"KjZdekPPgi\"><a href=\"https:\/\/anam.org.gt\/inicio\/reunion-mineduc-2025\/\">Alcaldes de Momostenango, Ixc\u00e1n y San Rafael Las Flores Solicitan Apoyo a la Ministra de Educaci\u00f3n para Mejorar la Infraestructura y los Recursos Educativos en sus Municipios<\/a><\/blockquote><iframe sandbox=\"allow-scripts\" security=\"restricted\" src=\"https:\/\/anam.org.gt\/inicio\/reunion-mineduc-2025\/embed\/#?secret=KjZdekPPgi\" width=\"600\" height=\"338\" title=\"\u00abAlcaldes de Momostenango, Ixc\u00e1n y San Rafael Las Flores Solicitan Apoyo a la Ministra de Educaci\u00f3n para Mejorar la Infraestructura y los Recursos Educativos en sus Municipios\u00bb \u2014 ANAM\" data-secret=\"KjZdekPPgi\" frameborder=\"0\" marginwidth=\"0\" marginheight=\"0\" scrolling=\"no\" class=\"wp-embedded-content\"><\/iframe><script>\n\/*! This file is auto-generated *\/\n!function(d,l){\"use strict\";l.querySelector&&d.addEventListener&&\"undefined\"!=typeof URL&&(d.wp=d.wp||{},d.wp.receiveEmbedMessage||(d.wp.receiveEmbedMessage=function(e){var t=e.data;if((t||t.secret||t.message||t.value)&&!\/[^a-zA-Z0-9]\/.test(t.secret)){for(var s,r,n,a=l.querySelectorAll('iframe[data-secret=\"'+t.secret+'\"]'),o=l.querySelectorAll('blockquote[data-secret=\"'+t.secret+'\"]'),c=new RegExp(\"^https?:$\",\"i\"),i=0;i<o.length;i++)o[i].style.display=\"none\";for(i=0;i<a.length;i++)s=a[i],e.source===s.contentWindow&&(s.removeAttribute(\"style\"),\"height\"===t.message?(1e3<(r=parseInt(t.value,10))?r=1e3:~~r<200&&(r=200),s.height=r):\"link\"===t.message&&(r=new URL(s.getAttribute(\"src\")),n=new URL(t.value),c.test(n.protocol))&&n.host===r.host&&l.activeElement===s&&(d.top.location.href=t.value))}},d.addEventListener(\"message\",d.wp.receiveEmbedMessage,!1),l.addEventListener(\"DOMContentLoaded\",function(){for(var e,t,s=l.querySelectorAll(\"iframe.wp-embedded-content\"),r=0;r<s.length;r++)(t=(e=s[r]).getAttribute(\"data-secret\"))||(t=Math.random().toString(36).substring(2,12),e.src+=\"#?secret=\"+t,e.setAttribute(\"data-secret\",t)),e.contentWindow.postMessage({message:\"ready\",secret:t},\"*\")},!1)))}(window,document);\n\/\/# sourceURL=https:\/\/anam.org.gt\/inicio\/wp-includes\/js\/wp-embed.min.js\n<\/script>\n","thumbnail_url":"https:\/\/anam.org.gt\/inicio\/wp-content\/uploads\/2025\/02\/476831006_1040567751448874_2870483301490501538_n.jpg","thumbnail_width":1440,"thumbnail_height":960,"description":"Los alcaldes de los municipios de Momostenango, Ixc\u00e1n y San Rafael Las Flores acompa\u00f1ados del Director Ejecutivo de la ANAM, Patric Gramajo, sostuvieron una importante reuni\u00f3n con la Ministra de Educaci\u00f3n, Anabella Giracca, en la que presentaron varias solicitudes clave para mejorar la calidad educativa en sus respectivas comunidades. Durante el encuentro, los alcaldes expresaron [&hellip;]"}

Alcaldes de Momostenango, Ixcán y San Rafael Las Flores Solicitan Apoyo a la Ministra de Educación para Mejorar la Infraestructura y los Recursos Educativos en sus Municipios - ANAM

<blockquote class="wp-embedded-content" data-secret="KjZdekPPgi"><a href="https://anam.org.gt/inicio/reunion-mineduc-2025/">Alcaldes de Momostenango, Ixcán y San Rafael Las Flores Solicitan Apoyo a la Ministra de Educación para Mejorar la Infraestructura y los Recursos Educativos en sus Municipios</a></blockquote><iframe sandbox="allow-scripts" security="restricted" src="https://anam.org.gt/inicio/reunion-mineduc-2025/embed/#?secret=KjZdekPPgi" width="600" height="338" title="«Alcaldes de Momostenango, Ixcán y San Rafael Las Flores Solicitan Apoyo a la Ministra de Educación para Mejorar la Infraestructura y los Recursos Educativos en sus Municipios» — ANAM" data-secret="KjZdekPPgi" frameborder="0" marginwidth="0" marginheight="0" scrolling="no" class="wp-embedded-content"></iframe><script>
/*! This file is auto-generated */
!function(d,l){"use strict";l.querySelector&&d.addEventListener&&"undefined"!=typeof URL&&(d.wp=d.wp||{},d.wp.receiveEmbedMessage||(d.wp.receiveEmbedMessage=function(e){var t=e.data;if((t||t.secret||t.message||t.value)&&!/[^a-zA-Z0-9]/.test(t.secret)){for(var s,r,n,a=l.querySelectorAll('iframe[data-secret="'+t.secret+'"]'),o=l.querySelectorAll('blockquote[data-secret="'+t.secret+'"]'),c=new RegExp("^https?:$","i"),i=0;i<o.length;i++)o[i].style.display="none";for(i=0;i<a.length;i++)s=a[i],e.source===s.contentWindow&&(s.removeAttribute("style"),"height"===t.message?(1e3<(r=parseInt(t.value,10))?r=1e3:~~r<200&&(r=200),s.height=r):"link"===t.message&&(r=new URL(s.getAttribute("src")),n=new URL(t.value),c.test(n.protocol))&&n.host===r.host&&l.activeElement===s&&(d.top.location.href=t.value))}},d.addEventListener("message",d.wp.receiveEmbedMessage,!1),l.addEventListener("DOMContentLoaded",function(){for(var e,t,s=l.querySelectorAll("iframe.wp-embedded-content"),r=0;r<s.length;r++)(t=(e=s[r]).getAttribute("data-secret"))||(t=Math.random().toString(36).substring(2,12),e.src+="#?secret="+t,e.setAttribute("data-secret",t)),e.contentWindow.postMessage({message:"ready",secret:t},"*")},!1)))}(window,document);
//# sourceURL=https://anam.org.gt/inicio/wp-includes/js/wp-embed.min.js
</script>

Los alcaldes de los municipios de Momostenango, Ixcán y San Rafael Las Flores acompañados del Director Ejecutivo de la ANAM, Patric Gramajo, sostuvieron una importante reunión con la Ministra de Educación, Anabella Giracca, en la que presentaron varias solicitudes clave para mejorar la calidad educativa en sus respectivas comunidades. Durante el encuentro, los alcaldes expresaron [&hellip;]
