{"id":2686,"date":"2024-09-28T18:27:43","date_gmt":"2024-09-28T18:27:43","guid":{"rendered":"https:\/\/anam.org.gt\/inicio\/?page_id=2686"},"modified":"2024-09-28T18:33:16","modified_gmt":"2024-09-28T18:33:16","slug":"presidente-anam-sebastian-siero","status":"publish","type":"page","link":"https:\/\/anam.org.gt\/inicio\/presidente-anam-sebastian-siero\/","title":{"rendered":"Presidente ANAM &#8211; Sebastian Siero"},"content":{"rendered":"\t\t<div data-elementor-type=\"wp-page\" data-elementor-id=\"2686\" class=\"elementor elementor-2686\">\n\t\t\t\t\t\t<section class=\"elementor-section elementor-top-section elementor-element elementor-element-822c5f2 elementor-section-boxed elementor-section-height-default elementor-section-height-default\" data-id=\"822c5f2\" data-element_type=\"section\">\n\t\t\t\t\t\t<div class=\"elementor-container elementor-column-gap-default\">\n\t\t\t\t\t<div class=\"elementor-column elementor-col-100 elementor-top-column elementor-element elementor-element-93ef44a\" data-id=\"93ef44a\" data-element_type=\"column\">\n\t\t\t<div class=\"elementor-widget-wrap elementor-element-populated\">\n\t\t\t\t\t\t<div class=\"elementor-element elementor-element-83aacb2 elementor-widget elementor-widget-image\" data-id=\"83aacb2\" data-element_type=\"widget\" data-widget_type=\"image.default\">\n\t\t\t\t<div class=\"elementor-widget-container\">\n\t\t\t\t\t\t\t\t\t\t\t\t\t\t\t<img decoding=\"async\" src=\"https:\/\/anam.org.gt\/inicio\/wp-content\/uploads\/2024\/09\/slide-1.png\" title=\"slide-1\" alt=\"slide-1\" loading=\"lazy\" \/>\t\t\t\t\t\t\t\t\t\t\t\t\t\t\t<\/div>\n\t\t\t\t<\/div>\n\t\t\t\t<div class=\"elementor-element elementor-element-24908e6 elementor-widget elementor-widget-text-editor\" data-id=\"24908e6\" data-element_type=\"widget\" data-widget_type=\"text-editor.default\">\n\t\t\t\t<div class=\"elementor-widget-container\">\n\t\t\t\t\t\t\t\t\t<h1 class=\"et_pb_slide_title\" style=\"text-align: center;\">Presidente ANAM &#8211; Ing. Sebastian Siero<\/h1>\t\t\t\t\t\t\t\t<\/div>\n\t\t\t\t<\/div>\n\t\t\t\t<div class=\"elementor-element elementor-element-c236e0c elementor-widget elementor-widget-text-editor\" data-id=\"c236e0c\" data-element_type=\"widget\" data-widget_type=\"text-editor.default\">\n\t\t\t\t<div class=\"elementor-widget-container\">\n\t\t\t\t\t\t\t\t\t<p>Sebasti\u00e1n Siero naci\u00f3 el 8 de diciembre de 1990, hombre de familia, pap\u00e1 y esposo de Anggie de Siero, a temprana edad so\u00f1aba con servir a la gente y ser Alcalde de Santa Catarina Pinula.<\/p>\n<p><\/p>\n<ul>\n<li>En el a\u00f1o 2018 obtuvo la Maestr\u00eda en Altos Estudios Estrat\u00e9gicos con Especialidad en Seguridad y Defensa en la Universidad Mariano G\u00e1lvez de Guatemala.<\/li>\n<\/ul>\n<ul>\n<li>En 2017 se gradu\u00f3 de Altos Estudios Estrat\u00e9gicos en el Comando Superior de Educaci\u00f3n del Ej\u00e9rcito de Guatemala.<\/li>\n<\/ul>\n<ul>\n<li>En 2017 obtuvo el t\u00edtulo de Estrategia y Pol\u00edtica de Defensa de la \u201cNational Defense University\u201d en Washington DC.<\/li>\n<\/ul>\n<ul>\n<li>En el a\u00f1o 2013 curs\u00f3 sus estudios en Ingenier\u00eda Civil en la Universidad del Valle de Guatemala.<\/li>\n<\/ul><div><br><\/div>\n<p><strong>En sus actividades de Administraci\u00f3n P\u00fablica ha desempe\u00f1ado los siguientes cargos:<\/strong><\/p>\n<p><\/p>\n<ul>\n<li>Presidente de la Asociaci\u00f3n de Municipalidades de la Rep\u00fablica de Guatemala (ANAM) del periodo 2024 \u2013 2026.<\/li>\n<\/ul>\n<ul>\n<li>Vicepresidente del Instituto de Fomento Municipal (INFOM) del periodo 2024 \u2013 2026.<\/li>\n<\/ul>\n<ul>\n<li>Gana su reelecci\u00f3n para el periodo del 2024 al 2028, como Alcalde del&nbsp;Municipio de Santa Catarina Pinula.<\/li>\n<\/ul>\n<ul>\n<li>Del 2020 al 2024, gana su primer periodo como Alcalde del&nbsp;Municipio de Santa Catarina Pinula.<\/li>\n<\/ul>\n<ul>\n<li>En el per\u00edodo del a\u00f1o 2016 al 2020 fue Concejal Quinto de la Municipalidad de Santa Catarina Pinula.<\/li>\n<\/ul>\n<ul>\n<li>Del a\u00f1o 2016 a 2019 fue Integrante de las comisi\u00f3n de servicios, infraestructura, ordenamiento territorial, urbanismo y vivienda de la Municipalidad de Santa Catarina Pinula.<\/li>\n<\/ul>\n<ul>\n<li>Del a\u00f1o 2016 a 2019 fue Integrante de la comisi\u00f3n de Finanzas de la Municipalidad de Santa Catarina Pinula.<\/li>\n<\/ul>\n<ul>\n<li>Del a\u00f1o 2016 a 2019 fue Presidente de la comisi\u00f3n de Derechos Humanos y de la Paz por parte de la Municipalidad de Santa Catarina Pinula.<\/li>\n<\/ul>\n<ul>\n<li>En el a\u00f1o 2018 fue Asesor de la Gerencia General de EMPAGUA.<\/li>\n<\/ul>\n<ul>\n<li>En el a\u00f1o 2017 fue Asesor de Infraestructura, Log\u00edstica y Seguridad Interna para la Direcci\u00f3n General de Migraci\u00f3n.<\/li>\n<\/ul>\t\t\t\t\t\t\t\t<\/div>\n\t\t\t\t<\/div>\n\t\t\t\t<div class=\"elementor-element elementor-element-57c794e elementor-widget elementor-widget-spacer\" data-id=\"57c794e\" data-element_type=\"widget\" data-widget_type=\"spacer.default\">\n\t\t\t\t<div class=\"elementor-widget-container\">\n\t\t\t\t\t\t\t<div class=\"elementor-spacer\">\n\t\t\t<div class=\"elementor-spacer-inner\"><\/div>\n\t\t<\/div>\n\t\t\t\t\t\t<\/div>\n\t\t\t\t<\/div>\n\t\t\t\t\t<\/div>\n\t\t<\/div>\n\t\t\t\t\t<\/div>\n\t\t<\/section>\n\t\t\t\t<\/div>\n\t\t","protected":false},"excerpt":{"rendered":"<p>Presidente ANAM &#8211; Ing. Sebastian Siero Sebasti\u00e1n Siero naci\u00f3 el 8 de diciembre de 1990, hombre de familia, pap\u00e1 y esposo de Anggie de Siero, a temprana edad so\u00f1aba con servir a la gente y ser Alcalde de Santa Catarina Pinula. En el a\u00f1o 2018 obtuvo la Maestr\u00eda en Altos Estudios Estrat\u00e9gicos con Especialidad en [&hellip;]<\/p>\n","protected":false},"author":4,"featured_media":0,"parent":0,"menu_order":0,"comment_status":"closed","ping_status":"closed","template":"elementor_header_footer","meta":{"footnotes":""},"class_list":["post-2686","page","type-page","status-publish","hentry"],"yoast_head":"<!-- This site is optimized with the Yoast SEO plugin v27.0 - https:\/\/yoast.com\/product\/yoast-seo-wordpress\/ -->\n<title>Presidente ANAM - Sebastian Siero - ANAM<\/title>\n<meta name=\"robots\" content=\"index, follow, max-snippet:-1, max-image-preview:large, max-video-preview:-1\" \/>\n<link rel=\"canonical\" href=\"https:\/\/anam.org.gt\/inicio\/presidente-anam-sebastian-siero\/\" \/>\n<meta property=\"og:locale\" content=\"es_ES\" \/>\n<meta property=\"og:type\" content=\"article\" \/>\n<meta property=\"og:title\" content=\"Presidente ANAM - Sebastian Siero - ANAM\" \/>\n<meta property=\"og:description\" content=\"Presidente ANAM &#8211; Ing. Sebastian Siero Sebasti\u00e1n Siero naci\u00f3 el 8 de diciembre de 1990, hombre de familia, pap\u00e1 y esposo de Anggie de Siero, a temprana edad so\u00f1aba con servir a la gente y ser Alcalde de Santa Catarina Pinula. En el a\u00f1o 2018 obtuvo la Maestr\u00eda en Altos Estudios Estrat\u00e9gicos con Especialidad en [&hellip;]\" \/>\n<meta property=\"og:url\" content=\"https:\/\/anam.org.gt\/inicio\/presidente-anam-sebastian-siero\/\" \/>\n<meta property=\"og:site_name\" content=\"ANAM\" \/>\n<meta property=\"article:publisher\" content=\"https:\/\/www.facebook.com\/ANAMGuatemala.org.gt\" \/>\n<meta property=\"article:modified_time\" content=\"2024-09-28T18:33:16+00:00\" \/>\n<meta property=\"og:image\" content=\"https:\/\/anam.org.gt\/inicio\/wp-content\/uploads\/2024\/09\/slide-1.png\" \/>\n<meta name=\"twitter:card\" content=\"summary_large_image\" \/>\n<meta name=\"twitter:site\" content=\"@ANAM_Guatemala\" \/>\n<meta name=\"twitter:label1\" content=\"Tiempo de lectura\" \/>\n\t<meta name=\"twitter:data1\" content=\"2 minutos\" \/>\n<script type=\"application\/ld+json\" class=\"yoast-schema-graph\">{\"@context\":\"https:\/\/schema.org\",\"@graph\":[{\"@type\":\"WebPage\",\"@id\":\"https:\/\/anam.org.gt\/inicio\/presidente-anam-sebastian-siero\/\",\"url\":\"https:\/\/anam.org.gt\/inicio\/presidente-anam-sebastian-siero\/\",\"name\":\"Presidente ANAM - Sebastian Siero - ANAM\",\"isPartOf\":{\"@id\":\"https:\/\/anam.org.gt\/inicio\/#website\"},\"primaryImageOfPage\":{\"@id\":\"https:\/\/anam.org.gt\/inicio\/presidente-anam-sebastian-siero\/#primaryimage\"},\"image\":{\"@id\":\"https:\/\/anam.org.gt\/inicio\/presidente-anam-sebastian-siero\/#primaryimage\"},\"thumbnailUrl\":\"https:\/\/anam.org.gt\/inicio\/wp-content\/uploads\/2024\/09\/slide-1.png\",\"datePublished\":\"2024-09-28T18:27:43+00:00\",\"dateModified\":\"2024-09-28T18:33:16+00:00\",\"breadcrumb\":{\"@id\":\"https:\/\/anam.org.gt\/inicio\/presidente-anam-sebastian-siero\/#breadcrumb\"},\"inLanguage\":\"es\",\"potentialAction\":[{\"@type\":\"ReadAction\",\"target\":[\"https:\/\/anam.org.gt\/inicio\/presidente-anam-sebastian-siero\/\"]}]},{\"@type\":\"ImageObject\",\"inLanguage\":\"es\",\"@id\":\"https:\/\/anam.org.gt\/inicio\/presidente-anam-sebastian-siero\/#primaryimage\",\"url\":\"https:\/\/anam.org.gt\/inicio\/wp-content\/uploads\/2024\/09\/slide-1.png\",\"contentUrl\":\"https:\/\/anam.org.gt\/inicio\/wp-content\/uploads\/2024\/09\/slide-1.png\",\"width\":1920,\"height\":1080},{\"@type\":\"BreadcrumbList\",\"@id\":\"https:\/\/anam.org.gt\/inicio\/presidente-anam-sebastian-siero\/#breadcrumb\",\"itemListElement\":[{\"@type\":\"ListItem\",\"position\":1,\"name\":\"Portada\",\"item\":\"https:\/\/anam.org.gt\/inicio\/\"},{\"@type\":\"ListItem\",\"position\":2,\"name\":\"Presidente ANAM &#8211; Sebastian Siero\"}]},{\"@type\":\"WebSite\",\"@id\":\"https:\/\/anam.org.gt\/inicio\/#website\",\"url\":\"https:\/\/anam.org.gt\/inicio\/\",\"name\":\"ANAM\",\"description\":\"Asociaci\u00f3n Nacional de Municipalidades de la Rep\u00fablica de Guatemala\",\"publisher\":{\"@id\":\"https:\/\/anam.org.gt\/inicio\/#organization\"},\"potentialAction\":[{\"@type\":\"SearchAction\",\"target\":{\"@type\":\"EntryPoint\",\"urlTemplate\":\"https:\/\/anam.org.gt\/inicio\/?s={search_term_string}\"},\"query-input\":{\"@type\":\"PropertyValueSpecification\",\"valueRequired\":true,\"valueName\":\"search_term_string\"}}],\"inLanguage\":\"es\"},{\"@type\":\"Organization\",\"@id\":\"https:\/\/anam.org.gt\/inicio\/#organization\",\"name\":\"Asociaci\u00f3n Nacional de Municipalidades de la Rep\u00fablica de Guatemala\",\"url\":\"https:\/\/anam.org.gt\/inicio\/\",\"logo\":{\"@type\":\"ImageObject\",\"inLanguage\":\"es\",\"@id\":\"https:\/\/anam.org.gt\/inicio\/#\/schema\/logo\/image\/\",\"url\":\"https:\/\/anam.org.gt\/inicio\/wp-content\/uploads\/2026\/02\/logo-anam-central-1.png\",\"contentUrl\":\"https:\/\/anam.org.gt\/inicio\/wp-content\/uploads\/2026\/02\/logo-anam-central-1.png\",\"width\":600,\"height\":280,\"caption\":\"Asociaci\u00f3n Nacional de Municipalidades de la Rep\u00fablica de Guatemala\"},\"image\":{\"@id\":\"https:\/\/anam.org.gt\/inicio\/#\/schema\/logo\/image\/\"},\"sameAs\":[\"https:\/\/www.facebook.com\/ANAMGuatemala.org.gt\",\"https:\/\/x.com\/ANAM_Guatemala\",\"https:\/\/www.instagram.com\/anam_guatemala\/?hl=es\"]}]}<\/script>\n<!-- \/ Yoast SEO plugin. -->","yoast_head_json":{"title":"Presidente ANAM - Sebastian Siero - ANAM","robots":{"index":"index","follow":"follow","max-snippet":"max-snippet:-1","max-image-preview":"max-image-preview:large","max-video-preview":"max-video-preview:-1"},"canonical":"https:\/\/anam.org.gt\/inicio\/presidente-anam-sebastian-siero\/","og_locale":"es_ES","og_type":"article","og_title":"Presidente ANAM - Sebastian Siero - ANAM","og_description":"Presidente ANAM &#8211; Ing. Sebastian Siero Sebasti\u00e1n Siero naci\u00f3 el 8 de diciembre de 1990, hombre de familia, pap\u00e1 y esposo de Anggie de Siero, a temprana edad so\u00f1aba con servir a la gente y ser Alcalde de Santa Catarina Pinula. En el a\u00f1o 2018 obtuvo la Maestr\u00eda en Altos Estudios Estrat\u00e9gicos con Especialidad en [&hellip;]","og_url":"https:\/\/anam.org.gt\/inicio\/presidente-anam-sebastian-siero\/","og_site_name":"ANAM","article_publisher":"https:\/\/www.facebook.com\/ANAMGuatemala.org.gt","article_modified_time":"2024-09-28T18:33:16+00:00","og_image":[{"url":"https:\/\/anam.org.gt\/inicio\/wp-content\/uploads\/2024\/09\/slide-1.png","type":"","width":"","height":""}],"twitter_card":"summary_large_image","twitter_site":"@ANAM_Guatemala","twitter_misc":{"Tiempo de lectura":"2 minutos"},"schema":{"@context":"https:\/\/schema.org","@graph":[{"@type":"WebPage","@id":"https:\/\/anam.org.gt\/inicio\/presidente-anam-sebastian-siero\/","url":"https:\/\/anam.org.gt\/inicio\/presidente-anam-sebastian-siero\/","name":"Presidente ANAM - Sebastian Siero - ANAM","isPartOf":{"@id":"https:\/\/anam.org.gt\/inicio\/#website"},"primaryImageOfPage":{"@id":"https:\/\/anam.org.gt\/inicio\/presidente-anam-sebastian-siero\/#primaryimage"},"image":{"@id":"https:\/\/anam.org.gt\/inicio\/presidente-anam-sebastian-siero\/#primaryimage"},"thumbnailUrl":"https:\/\/anam.org.gt\/inicio\/wp-content\/uploads\/2024\/09\/slide-1.png","datePublished":"2024-09-28T18:27:43+00:00","dateModified":"2024-09-28T18:33:16+00:00","breadcrumb":{"@id":"https:\/\/anam.org.gt\/inicio\/presidente-anam-sebastian-siero\/#breadcrumb"},"inLanguage":"es","potentialAction":[{"@type":"ReadAction","target":["https:\/\/anam.org.gt\/inicio\/presidente-anam-sebastian-siero\/"]}]},{"@type":"ImageObject","inLanguage":"es","@id":"https:\/\/anam.org.gt\/inicio\/presidente-anam-sebastian-siero\/#primaryimage","url":"https:\/\/anam.org.gt\/inicio\/wp-content\/uploads\/2024\/09\/slide-1.png","contentUrl":"https:\/\/anam.org.gt\/inicio\/wp-content\/uploads\/2024\/09\/slide-1.png","width":1920,"height":1080},{"@type":"BreadcrumbList","@id":"https:\/\/anam.org.gt\/inicio\/presidente-anam-sebastian-siero\/#breadcrumb","itemListElement":[{"@type":"ListItem","position":1,"name":"Portada","item":"https:\/\/anam.org.gt\/inicio\/"},{"@type":"ListItem","position":2,"name":"Presidente ANAM &#8211; Sebastian Siero"}]},{"@type":"WebSite","@id":"https:\/\/anam.org.gt\/inicio\/#website","url":"https:\/\/anam.org.gt\/inicio\/","name":"ANAM","description":"Asociaci\u00f3n Nacional de Municipalidades de la Rep\u00fablica de Guatemala","publisher":{"@id":"https:\/\/anam.org.gt\/inicio\/#organization"},"potentialAction":[{"@type":"SearchAction","target":{"@type":"EntryPoint","urlTemplate":"https:\/\/anam.org.gt\/inicio\/?s={search_term_string}"},"query-input":{"@type":"PropertyValueSpecification","valueRequired":true,"valueName":"search_term_string"}}],"inLanguage":"es"},{"@type":"Organization","@id":"https:\/\/anam.org.gt\/inicio\/#organization","name":"Asociaci\u00f3n Nacional de Municipalidades de la Rep\u00fablica de Guatemala","url":"https:\/\/anam.org.gt\/inicio\/","logo":{"@type":"ImageObject","inLanguage":"es","@id":"https:\/\/anam.org.gt\/inicio\/#\/schema\/logo\/image\/","url":"https:\/\/anam.org.gt\/inicio\/wp-content\/uploads\/2026\/02\/logo-anam-central-1.png","contentUrl":"https:\/\/anam.org.gt\/inicio\/wp-content\/uploads\/2026\/02\/logo-anam-central-1.png","width":600,"height":280,"caption":"Asociaci\u00f3n Nacional de Municipalidades de la Rep\u00fablica de Guatemala"},"image":{"@id":"https:\/\/anam.org.gt\/inicio\/#\/schema\/logo\/image\/"},"sameAs":["https:\/\/www.facebook.com\/ANAMGuatemala.org.gt","https:\/\/x.com\/ANAM_Guatemala","https:\/\/www.instagram.com\/anam_guatemala\/?hl=es"]}]}},"_links":{"self":[{"href":"https:\/\/anam.org.gt\/inicio\/wp-json\/wp\/v2\/pages\/2686","targetHints":{"allow":["GET"]}}],"collection":[{"href":"https:\/\/anam.org.gt\/inicio\/wp-json\/wp\/v2\/pages"}],"about":[{"href":"https:\/\/anam.org.gt\/inicio\/wp-json\/wp\/v2\/types\/page"}],"author":[{"embeddable":true,"href":"https:\/\/anam.org.gt\/inicio\/wp-json\/wp\/v2\/users\/4"}],"replies":[{"embeddable":true,"href":"https:\/\/anam.org.gt\/inicio\/wp-json\/wp\/v2\/comments?post=2686"}],"version-history":[{"count":12,"href":"https:\/\/anam.org.gt\/inicio\/wp-json\/wp\/v2\/pages\/2686\/revisions"}],"predecessor-version":[{"id":2698,"href":"https:\/\/anam.org.gt\/inicio\/wp-json\/wp\/v2\/pages\/2686\/revisions\/2698"}],"wp:attachment":[{"href":"https:\/\/anam.org.gt\/inicio\/wp-json\/wp\/v2\/media?parent=2686"}],"curies":[{"name":"wp","href":"https:\/\/api.w.org\/{rel}","templated":true}]}}