{"id":5513,"date":"2026-02-13T20:54:12","date_gmt":"2026-02-13T20:54:12","guid":{"rendered":"https:\/\/anam.org.gt\/inicio\/?page_id=5513"},"modified":"2026-02-13T22:48:41","modified_gmt":"2026-02-13T22:48:41","slug":"sebastian-siero","status":"publish","type":"page","link":"https:\/\/anam.org.gt\/inicio\/sebastian-siero\/","title":{"rendered":"Sebastian Siero &#8211; Presidente de ANAM"},"content":{"rendered":"\t\t<div data-elementor-type=\"wp-page\" data-elementor-id=\"5513\" class=\"elementor elementor-5513\">\n\t\t\t\t\t\t<section class=\"elementor-section elementor-top-section elementor-element elementor-element-01af641 elementor-section-boxed elementor-section-height-default elementor-section-height-default\" data-id=\"01af641\" data-element_type=\"section\">\n\t\t\t\t\t\t<div class=\"elementor-container elementor-column-gap-default\">\n\t\t\t\t\t<div class=\"elementor-column elementor-col-100 elementor-top-column elementor-element elementor-element-c445f1f\" data-id=\"c445f1f\" data-element_type=\"column\">\n\t\t\t<div class=\"elementor-widget-wrap elementor-element-populated\">\n\t\t\t\t\t\t<div class=\"elementor-element elementor-element-9544cd8 elementor-widget elementor-widget-image-box\" data-id=\"9544cd8\" data-element_type=\"widget\" data-widget_type=\"image-box.default\">\n\t\t\t\t<div class=\"elementor-widget-container\">\n\t\t\t\t\t<div class=\"elementor-image-box-wrapper\"><div class=\"elementor-image-box-content\"><h3 class=\"elementor-image-box-title\">Sebastian Siero<\/h3><\/div><\/div>\t\t\t\t<\/div>\n\t\t\t\t<\/div>\n\t\t\t\t\t<\/div>\n\t\t<\/div>\n\t\t\t\t\t<\/div>\n\t\t<\/section>\n\t\t\t\t<section class=\"elementor-section elementor-top-section elementor-element elementor-element-5ded1fd elementor-section-boxed elementor-section-height-default elementor-section-height-default\" data-id=\"5ded1fd\" data-element_type=\"section\">\n\t\t\t\t\t\t<div class=\"elementor-container elementor-column-gap-default\">\n\t\t\t\t\t<div class=\"elementor-column elementor-col-100 elementor-top-column elementor-element elementor-element-96ec2a9\" data-id=\"96ec2a9\" data-element_type=\"column\">\n\t\t\t<div class=\"elementor-widget-wrap elementor-element-populated\">\n\t\t\t\t\t\t<div class=\"elementor-element elementor-element-f69ca5e elementor-widget elementor-widget-text-editor\" data-id=\"f69ca5e\" data-element_type=\"widget\" data-widget_type=\"text-editor.default\">\n\t\t\t\t<div class=\"elementor-widget-container\">\n\t\t\t\t\t\t\t\t\t<p>Naci\u00f3 el 8 de diciembre de 1990, hombre de familia, pap\u00e1 y esposo de Anggie de Siero, a temprana edad so\u00f1aba con servir a la gente y ser Alcalde de Santa Catarina Pinula.<\/p><p>En el a\u00f1o 2018 obtuvo la Maestr\u00eda en Altos Estudios Estrat\u00e9gicos con Especialidad en Seguridad y Defensa en la Universidad Mariano G\u00e1lvez de Guatemala.<\/p><p>En 2017 se gradu\u00f3 de Altos Estudios Estrat\u00e9gicos en el Comando Superior de Educaci\u00f3n del Ej\u00e9rcito de Guatemala.<\/p><p>En 2017 obtuvo el t\u00edtulo de Estrategia y Pol\u00edtica de Defensa de la \u201cNational Defense University\u201d en Washington DC.<\/p><p>Graduado en 2014 en los estudios de la Licenciatura en Ingenier\u00eda Civil en la Universidad del Valle de Guatemala.<\/p><p>En sus actividades de Administraci\u00f3n P\u00fablica ha desempe\u00f1ado los siguientes cargos:<\/p><p>Presidente de la Asociaci\u00f3n de Municipalidades de la Rep\u00fablica de Guatemala (ANAM) del periodo 2024 \u2013 2026.<\/p><p>Vicepresidente del Instituto de Fomento Municipal (INFOM) del periodo 2024 \u2013 2026.<\/p><p>Gana su reelecci\u00f3n para el periodo del 2024 al 2028, como Alcalde del Municipio de Santa Catarina Pinula.<\/p><p>Del 2020 al 2024, gana su primer periodo como Alcalde del Municipio de Santa Catarina Pinula.<\/p><p>En el per\u00edodo del a\u00f1o 2016 al 2020 fue Concejal Quinto de la Municipalidad de Santa Catarina Pinula.<\/p><p>Del a\u00f1o 2016 a 2019 fue Integrante de las comisi\u00f3n de servicios, infraestructura, ordenamiento territorial, urbanismo y vivienda de la Municipalidad de Santa Catarina Pinula.<\/p><p>Del a\u00f1o 2016 a 2019 fue Integrante de la comisi\u00f3n de Finanzas de la Municipalidad de Santa Catarina Pinula.<\/p><p>Del a\u00f1o 2016 a 2019 fue Presidente de la comisi\u00f3n de Derechos Humanos y de la Paz por parte de la Municipalidad de Santa Catarina Pinula.<\/p><p>En el a\u00f1o 2018 fue Asesor de la Gerencia General de EMPAGUA.<\/p><p>En el a\u00f1o 2017 fue Asesor de Infraestructura, Log\u00edstica y Seguridad Interna para la Direcci\u00f3n General de Migraci\u00f3n.<\/p>\t\t\t\t\t\t\t\t<\/div>\n\t\t\t\t<\/div>\n\t\t\t\t\t<\/div>\n\t\t<\/div>\n\t\t\t\t\t<\/div>\n\t\t<\/section>\n\t\t\t\t<\/div>\n\t\t","protected":false},"excerpt":{"rendered":"<p>Sebastian Siero Naci\u00f3 el 8 de diciembre de 1990, hombre de familia, pap\u00e1 y esposo de Anggie de Siero, a temprana edad so\u00f1aba con servir a la gente y ser Alcalde de Santa Catarina Pinula. En el a\u00f1o 2018 obtuvo la Maestr\u00eda en Altos Estudios Estrat\u00e9gicos con Especialidad en Seguridad y Defensa en la Universidad [&hellip;]<\/p>\n","protected":false},"author":4,"featured_media":0,"parent":0,"menu_order":0,"comment_status":"closed","ping_status":"closed","template":"","meta":{"footnotes":""},"class_list":["post-5513","page","type-page","status-publish","hentry"],"yoast_head":"<!-- This site is optimized with the Yoast SEO plugin v27.0 - https:\/\/yoast.com\/product\/yoast-seo-wordpress\/ -->\n<title>Sebastian Siero - Presidente de ANAM - ANAM<\/title>\n<meta name=\"robots\" content=\"index, follow, max-snippet:-1, max-image-preview:large, max-video-preview:-1\" \/>\n<link rel=\"canonical\" href=\"https:\/\/anam.org.gt\/inicio\/sebastian-siero\/\" \/>\n<meta property=\"og:locale\" content=\"es_ES\" \/>\n<meta property=\"og:type\" content=\"article\" \/>\n<meta property=\"og:title\" content=\"Sebastian Siero - Presidente de ANAM - ANAM\" \/>\n<meta property=\"og:description\" content=\"Sebastian Siero Naci\u00f3 el 8 de diciembre de 1990, hombre de familia, pap\u00e1 y esposo de Anggie de Siero, a temprana edad so\u00f1aba con servir a la gente y ser Alcalde de Santa Catarina Pinula. En el a\u00f1o 2018 obtuvo la Maestr\u00eda en Altos Estudios Estrat\u00e9gicos con Especialidad en Seguridad y Defensa en la Universidad [&hellip;]\" \/>\n<meta property=\"og:url\" content=\"https:\/\/anam.org.gt\/inicio\/sebastian-siero\/\" \/>\n<meta property=\"og:site_name\" content=\"ANAM\" \/>\n<meta property=\"article:publisher\" content=\"https:\/\/www.facebook.com\/ANAMGuatemala.org.gt\" \/>\n<meta property=\"article:modified_time\" content=\"2026-02-13T22:48:41+00:00\" \/>\n<meta name=\"twitter:card\" content=\"summary_large_image\" \/>\n<meta name=\"twitter:site\" content=\"@ANAM_Guatemala\" \/>\n<meta name=\"twitter:label1\" content=\"Tiempo de lectura\" \/>\n\t<meta name=\"twitter:data1\" content=\"2 minutos\" \/>\n<script type=\"application\/ld+json\" class=\"yoast-schema-graph\">{\"@context\":\"https:\/\/schema.org\",\"@graph\":[{\"@type\":\"WebPage\",\"@id\":\"https:\/\/anam.org.gt\/inicio\/sebastian-siero\/\",\"url\":\"https:\/\/anam.org.gt\/inicio\/sebastian-siero\/\",\"name\":\"Sebastian Siero - Presidente de ANAM - ANAM\",\"isPartOf\":{\"@id\":\"https:\/\/anam.org.gt\/inicio\/#website\"},\"datePublished\":\"2026-02-13T20:54:12+00:00\",\"dateModified\":\"2026-02-13T22:48:41+00:00\",\"breadcrumb\":{\"@id\":\"https:\/\/anam.org.gt\/inicio\/sebastian-siero\/#breadcrumb\"},\"inLanguage\":\"es\",\"potentialAction\":[{\"@type\":\"ReadAction\",\"target\":[\"https:\/\/anam.org.gt\/inicio\/sebastian-siero\/\"]}]},{\"@type\":\"BreadcrumbList\",\"@id\":\"https:\/\/anam.org.gt\/inicio\/sebastian-siero\/#breadcrumb\",\"itemListElement\":[{\"@type\":\"ListItem\",\"position\":1,\"name\":\"Portada\",\"item\":\"https:\/\/anam.org.gt\/inicio\/\"},{\"@type\":\"ListItem\",\"position\":2,\"name\":\"Sebastian Siero &#8211; Presidente de ANAM\"}]},{\"@type\":\"WebSite\",\"@id\":\"https:\/\/anam.org.gt\/inicio\/#website\",\"url\":\"https:\/\/anam.org.gt\/inicio\/\",\"name\":\"ANAM\",\"description\":\"Asociaci\u00f3n Nacional de Municipalidades de la Rep\u00fablica de Guatemala\",\"publisher\":{\"@id\":\"https:\/\/anam.org.gt\/inicio\/#organization\"},\"potentialAction\":[{\"@type\":\"SearchAction\",\"target\":{\"@type\":\"EntryPoint\",\"urlTemplate\":\"https:\/\/anam.org.gt\/inicio\/?s={search_term_string}\"},\"query-input\":{\"@type\":\"PropertyValueSpecification\",\"valueRequired\":true,\"valueName\":\"search_term_string\"}}],\"inLanguage\":\"es\"},{\"@type\":\"Organization\",\"@id\":\"https:\/\/anam.org.gt\/inicio\/#organization\",\"name\":\"Asociaci\u00f3n Nacional de Municipalidades de la Rep\u00fablica de Guatemala\",\"url\":\"https:\/\/anam.org.gt\/inicio\/\",\"logo\":{\"@type\":\"ImageObject\",\"inLanguage\":\"es\",\"@id\":\"https:\/\/anam.org.gt\/inicio\/#\/schema\/logo\/image\/\",\"url\":\"https:\/\/anam.org.gt\/inicio\/wp-content\/uploads\/2026\/02\/logo-anam-central-1.png\",\"contentUrl\":\"https:\/\/anam.org.gt\/inicio\/wp-content\/uploads\/2026\/02\/logo-anam-central-1.png\",\"width\":600,\"height\":280,\"caption\":\"Asociaci\u00f3n Nacional de Municipalidades de la Rep\u00fablica de Guatemala\"},\"image\":{\"@id\":\"https:\/\/anam.org.gt\/inicio\/#\/schema\/logo\/image\/\"},\"sameAs\":[\"https:\/\/www.facebook.com\/ANAMGuatemala.org.gt\",\"https:\/\/x.com\/ANAM_Guatemala\",\"https:\/\/www.instagram.com\/anam_guatemala\/?hl=es\"]}]}<\/script>\n<!-- \/ Yoast SEO plugin. -->","yoast_head_json":{"title":"Sebastian Siero - Presidente de ANAM - ANAM","robots":{"index":"index","follow":"follow","max-snippet":"max-snippet:-1","max-image-preview":"max-image-preview:large","max-video-preview":"max-video-preview:-1"},"canonical":"https:\/\/anam.org.gt\/inicio\/sebastian-siero\/","og_locale":"es_ES","og_type":"article","og_title":"Sebastian Siero - Presidente de ANAM - ANAM","og_description":"Sebastian Siero Naci\u00f3 el 8 de diciembre de 1990, hombre de familia, pap\u00e1 y esposo de Anggie de Siero, a temprana edad so\u00f1aba con servir a la gente y ser Alcalde de Santa Catarina Pinula. En el a\u00f1o 2018 obtuvo la Maestr\u00eda en Altos Estudios Estrat\u00e9gicos con Especialidad en Seguridad y Defensa en la Universidad [&hellip;]","og_url":"https:\/\/anam.org.gt\/inicio\/sebastian-siero\/","og_site_name":"ANAM","article_publisher":"https:\/\/www.facebook.com\/ANAMGuatemala.org.gt","article_modified_time":"2026-02-13T22:48:41+00:00","twitter_card":"summary_large_image","twitter_site":"@ANAM_Guatemala","twitter_misc":{"Tiempo de lectura":"2 minutos"},"schema":{"@context":"https:\/\/schema.org","@graph":[{"@type":"WebPage","@id":"https:\/\/anam.org.gt\/inicio\/sebastian-siero\/","url":"https:\/\/anam.org.gt\/inicio\/sebastian-siero\/","name":"Sebastian Siero - Presidente de ANAM - ANAM","isPartOf":{"@id":"https:\/\/anam.org.gt\/inicio\/#website"},"datePublished":"2026-02-13T20:54:12+00:00","dateModified":"2026-02-13T22:48:41+00:00","breadcrumb":{"@id":"https:\/\/anam.org.gt\/inicio\/sebastian-siero\/#breadcrumb"},"inLanguage":"es","potentialAction":[{"@type":"ReadAction","target":["https:\/\/anam.org.gt\/inicio\/sebastian-siero\/"]}]},{"@type":"BreadcrumbList","@id":"https:\/\/anam.org.gt\/inicio\/sebastian-siero\/#breadcrumb","itemListElement":[{"@type":"ListItem","position":1,"name":"Portada","item":"https:\/\/anam.org.gt\/inicio\/"},{"@type":"ListItem","position":2,"name":"Sebastian Siero &#8211; Presidente de ANAM"}]},{"@type":"WebSite","@id":"https:\/\/anam.org.gt\/inicio\/#website","url":"https:\/\/anam.org.gt\/inicio\/","name":"ANAM","description":"Asociaci\u00f3n Nacional de Municipalidades de la Rep\u00fablica de Guatemala","publisher":{"@id":"https:\/\/anam.org.gt\/inicio\/#organization"},"potentialAction":[{"@type":"SearchAction","target":{"@type":"EntryPoint","urlTemplate":"https:\/\/anam.org.gt\/inicio\/?s={search_term_string}"},"query-input":{"@type":"PropertyValueSpecification","valueRequired":true,"valueName":"search_term_string"}}],"inLanguage":"es"},{"@type":"Organization","@id":"https:\/\/anam.org.gt\/inicio\/#organization","name":"Asociaci\u00f3n Nacional de Municipalidades de la Rep\u00fablica de Guatemala","url":"https:\/\/anam.org.gt\/inicio\/","logo":{"@type":"ImageObject","inLanguage":"es","@id":"https:\/\/anam.org.gt\/inicio\/#\/schema\/logo\/image\/","url":"https:\/\/anam.org.gt\/inicio\/wp-content\/uploads\/2026\/02\/logo-anam-central-1.png","contentUrl":"https:\/\/anam.org.gt\/inicio\/wp-content\/uploads\/2026\/02\/logo-anam-central-1.png","width":600,"height":280,"caption":"Asociaci\u00f3n Nacional de Municipalidades de la Rep\u00fablica de Guatemala"},"image":{"@id":"https:\/\/anam.org.gt\/inicio\/#\/schema\/logo\/image\/"},"sameAs":["https:\/\/www.facebook.com\/ANAMGuatemala.org.gt","https:\/\/x.com\/ANAM_Guatemala","https:\/\/www.instagram.com\/anam_guatemala\/?hl=es"]}]}},"_links":{"self":[{"href":"https:\/\/anam.org.gt\/inicio\/wp-json\/wp\/v2\/pages\/5513","targetHints":{"allow":["GET"]}}],"collection":[{"href":"https:\/\/anam.org.gt\/inicio\/wp-json\/wp\/v2\/pages"}],"about":[{"href":"https:\/\/anam.org.gt\/inicio\/wp-json\/wp\/v2\/types\/page"}],"author":[{"embeddable":true,"href":"https:\/\/anam.org.gt\/inicio\/wp-json\/wp\/v2\/users\/4"}],"replies":[{"embeddable":true,"href":"https:\/\/anam.org.gt\/inicio\/wp-json\/wp\/v2\/comments?post=5513"}],"version-history":[{"count":13,"href":"https:\/\/anam.org.gt\/inicio\/wp-json\/wp\/v2\/pages\/5513\/revisions"}],"predecessor-version":[{"id":5530,"href":"https:\/\/anam.org.gt\/inicio\/wp-json\/wp\/v2\/pages\/5513\/revisions\/5530"}],"wp:attachment":[{"href":"https:\/\/anam.org.gt\/inicio\/wp-json\/wp\/v2\/media?parent=5513"}],"curies":[{"name":"wp","href":"https:\/\/api.w.org\/{rel}","templated":true}]}}

<div data-elementor-type="wp-page" data-elementor-id="5513" class="elementor elementor-5513">
						<section class="elementor-section elementor-top-section elementor-element elementor-element-01af641 elementor-section-boxed elementor-section-height-default elementor-section-height-default" data-id="01af641" data-element_type="section">
						<div class="elementor-container elementor-column-gap-default">
					<div class="elementor-column elementor-col-100 elementor-top-column elementor-element elementor-element-c445f1f" data-id="c445f1f" data-element_type="column">
			<div class="elementor-widget-wrap elementor-element-populated">
						<div class="elementor-element elementor-element-9544cd8 elementor-widget elementor-widget-image-box" data-id="9544cd8" data-element_type="widget" data-widget_type="image-box.default">
				<div class="elementor-widget-container">
					<div class="elementor-image-box-wrapper"><div class="elementor-image-box-content"><h3 class="elementor-image-box-title">Sebastian Siero</h3></div></div>				</div>
				</div>
					</div>
		</div>
					</div>
		</section>
				<section class="elementor-section elementor-top-section elementor-element elementor-element-5ded1fd elementor-section-boxed elementor-section-height-default elementor-section-height-default" data-id="5ded1fd" data-element_type="section">
						<div class="elementor-container elementor-column-gap-default">
					<div class="elementor-column elementor-col-100 elementor-top-column elementor-element elementor-element-96ec2a9" data-id="96ec2a9" data-element_type="column">
			<div class="elementor-widget-wrap elementor-element-populated">
						<div class="elementor-element elementor-element-f69ca5e elementor-widget elementor-widget-text-editor" data-id="f69ca5e" data-element_type="widget" data-widget_type="text-editor.default">
				<div class="elementor-widget-container">
									<p>Nació el 8 de diciembre de 1990, hombre de familia, papá y esposo de Anggie de Siero, a temprana edad soñaba con servir a la gente y ser Alcalde de Santa Catarina Pinula.</p><p>En el año 2018 obtuvo la Maestría en Altos Estudios Estratégicos con Especialidad en Seguridad y Defensa en la Universidad Mariano Gálvez de Guatemala.</p><p>En 2017 se graduó de Altos Estudios Estratégicos en el Comando Superior de Educación del Ejército de Guatemala.</p><p>En 2017 obtuvo el título de Estrategia y Política de Defensa de la “National Defense University” en Washington DC.</p><p>Graduado en 2014 en los estudios de la Licenciatura en Ingeniería Civil en la Universidad del Valle de Guatemala.</p><p>En sus actividades de Administración Pública ha desempeñado los siguientes cargos:</p><p>Presidente de la Asociación de Municipalidades de la República de Guatemala (ANAM) del periodo 2024 – 2026.</p><p>Vicepresidente del Instituto de Fomento Municipal (INFOM) del periodo 2024 – 2026.</p><p>Gana su reelección para el periodo del 2024 al 2028, como Alcalde del Municipio de Santa Catarina Pinula.</p><p>Del 2020 al 2024, gana su primer periodo como Alcalde del Municipio de Santa Catarina Pinula.</p><p>En el período del año 2016 al 2020 fue Concejal Quinto de la Municipalidad de Santa Catarina Pinula.</p><p>Del año 2016 a 2019 fue Integrante de las comisión de servicios, infraestructura, ordenamiento territorial, urbanismo y vivienda de la Municipalidad de Santa Catarina Pinula.</p><p>Del año 2016 a 2019 fue Integrante de la comisión de Finanzas de la Municipalidad de Santa Catarina Pinula.</p><p>Del año 2016 a 2019 fue Presidente de la comisión de Derechos Humanos y de la Paz por parte de la Municipalidad de Santa Catarina Pinula.</p><p>En el año 2018 fue Asesor de la Gerencia General de EMPAGUA.</p><p>En el año 2017 fue Asesor de Infraestructura, Logística y Seguridad Interna para la Dirección General de Migración.</p>								</div>
				</div>
					</div>
		</div>
					</div>
		</section>
				</div>

<p>Sebastian Siero Nació el 8 de diciembre de 1990, hombre de familia, papá y esposo de Anggie de Siero, a temprana edad soñaba con servir a la gente y ser Alcalde de Santa Catarina Pinula. En el año 2018 obtuvo la Maestría en Altos Estudios Estratégicos con Especialidad en Seguridad y Defensa en la Universidad [&hellip;]</p>

<!-- This site is optimized with the Yoast SEO plugin v27.0 - https://yoast.com/product/yoast-seo-wordpress/ -->
<title>Sebastian Siero - Presidente de ANAM - ANAM</title>
<meta name="robots" content="index, follow, max-snippet:-1, max-image-preview:large, max-video-preview:-1" />
<link rel="canonical" href="https://anam.org.gt/inicio/sebastian-siero/" />
<meta property="og:locale" content="es_ES" />
<meta property="og:type" content="article" />
<meta property="og:title" content="Sebastian Siero - Presidente de ANAM - ANAM" />
<meta property="og:description" content="Sebastian Siero Nació el 8 de diciembre de 1990, hombre de familia, papá y esposo de Anggie de Siero, a temprana edad soñaba con servir a la gente y ser Alcalde de Santa Catarina Pinula. En el año 2018 obtuvo la Maestría en Altos Estudios Estratégicos con Especialidad en Seguridad y Defensa en la Universidad [&hellip;]" />
<meta property="og:url" content="https://anam.org.gt/inicio/sebastian-siero/" />
<meta property="og:site_name" content="ANAM" />
<meta property="article:publisher" content="https://www.facebook.com/ANAMGuatemala.org.gt" />
<meta property="article:modified_time" content="2026-02-13T22:48:41+00:00" />
<meta name="twitter:card" content="summary_large_image" />
<meta name="twitter:site" content="@ANAM_Guatemala" />
<meta name="twitter:label1" content="Tiempo de lectura" />
	<meta name="twitter:data1" content="2 minutos" />
<script type="application/ld+json" class="yoast-schema-graph">{"@context":"https://schema.org","@graph":[{"@type":"WebPage","@id":"https://anam.org.gt/inicio/sebastian-siero/","url":"https://anam.org.gt/inicio/sebastian-siero/","name":"Sebastian Siero - Presidente de ANAM - ANAM","isPartOf":{"@id":"https://anam.org.gt/inicio/#website"},"datePublished":"2026-02-13T20:54:12+00:00","dateModified":"2026-02-13T22:48:41+00:00","breadcrumb":{"@id":"https://anam.org.gt/inicio/sebastian-siero/#breadcrumb"},"inLanguage":"es","potentialAction":[{"@type":"ReadAction","target":["https://anam.org.gt/inicio/sebastian-siero/"]}]},{"@type":"BreadcrumbList","@id":"https://anam.org.gt/inicio/sebastian-siero/#breadcrumb","itemListElement":[{"@type":"ListItem","position":1,"name":"Portada","item":"https://anam.org.gt/inicio/"},{"@type":"ListItem","position":2,"name":"Sebastian Siero &#8211; Presidente de ANAM"}]},{"@type":"WebSite","@id":"https://anam.org.gt/inicio/#website","url":"https://anam.org.gt/inicio/","name":"ANAM","description":"Asociación Nacional de Municipalidades de la República de Guatemala","publisher":{"@id":"https://anam.org.gt/inicio/#organization"},"potentialAction":[{"@type":"SearchAction","target":{"@type":"EntryPoint","urlTemplate":"https://anam.org.gt/inicio/?s={search_term_string}"},"query-input":{"@type":"PropertyValueSpecification","valueRequired":true,"valueName":"search_term_string"}}],"inLanguage":"es"},{"@type":"Organization","@id":"https://anam.org.gt/inicio/#organization","name":"Asociación Nacional de Municipalidades de la República de Guatemala","url":"https://anam.org.gt/inicio/","logo":{"@type":"ImageObject","inLanguage":"es","@id":"https://anam.org.gt/inicio/#/schema/logo/image/","url":"https://anam.org.gt/inicio/wp-content/uploads/2026/02/logo-anam-central-1.png","contentUrl":"https://anam.org.gt/inicio/wp-content/uploads/2026/02/logo-anam-central-1.png","width":600,"height":280,"caption":"Asociación Nacional de Municipalidades de la República de Guatemala"},"image":{"@id":"https://anam.org.gt/inicio/#/schema/logo/image/"},"sameAs":["https://www.facebook.com/ANAMGuatemala.org.gt","https://x.com/ANAM_Guatemala","https://www.instagram.com/anam_guatemala/?hl=es"]}]}</script>
<!-- / Yoast SEO plugin. -->

Sebastian Siero Nació el 8 de diciembre de 1990, hombre de familia, papá y esposo de Anggie de Siero, a temprana edad soñaba con servir a la gente y ser Alcalde de Santa Catarina Pinula. En el año 2018 obtuvo la Maestría en Altos Estudios Estratégicos con Especialidad en Seguridad y Defensa en la Universidad [&hellip;]

Asociación Nacional de Municipalidades de la República de Guatemala
